. Calculate the greatest common factor of 165 and y.
15
Suppose 7*m = 3*m + 36. Suppose -3*k = -m*k. Suppose -5*j - v + 71 = k, 3*v = j + 4*j - 87. Calculate the greatest common divisor of j and 5.
5
Suppose -56*g = -44*g - 348. Calculate the greatest common factor of g and 1.
1
Let p = -410 - -442. Suppose -h - 2 - 3 = 0, 3*h = 3*m - 63. What is the greatest common divisor of m and p?
16
Let v be (2 + 20/(-8))/(2/(-52)). Suppose 0 = -4*z - 2*r - 2, 0 = r - 2 + 3. Let x be (z + -1)*-39 - 0. What is the greatest common factor of x and v?
13
Let r = -515 + 707. What is the greatest common divisor of 240 and r?
48
Let g(z) = -13*z**2 - 2*z + 5*z - 2 + 9*z**2. Let k be g(2). Let m be (k + -3)*(-20)/15. What is the greatest common factor of 100 and m?
20
Suppose -727*o = -747*o + 4000. What is the greatest common divisor of o and 25?
25
Suppose -33*r - 15*r + 672 = 0. Calculate the highest common factor of 448 and r.
14
Let q be (-40)/6*(-12)/8. Let b = 93 + -23. Calculate the greatest common factor of b and q.
10
Let m = -59 - -122. Let v be ((-6)/(-3))/(-2) - 1. Let g be 18/v*(-1 - 0). Calculate the greatest common divisor of m and g.
9
Suppose -10*h - 312 = -22*h. Calculate the greatest common factor of 91 and h.
13
Let n(w) = 41*w**2 - 17*w - 18. Let m be n(-1). What is the greatest common factor of m and 260?
20
Let t(a) = -a**3 + 144. Let u be t(0). Suppose j - u = -j. Suppose p + j = 4*p. Calculate the highest common divisor of p and 16.
8
Let s(l) = -3*l - 2. Let h be s(-2). Suppose -2 = -5*y + h*y. Suppose -3*w = y*w - 35. Calculate the greatest common factor of 56 and w.
7
Let d(h) = -h**3 - 8*h**2 - 6*h + 4. Let o be d(-7). Let l(k) = 3*k + 2. Let r be l(o). Let c = r - -12. What is the highest common factor of 2 and c?
1
Let j = 50 + -35. Calculate the highest common factor of 25 and j.
5
Let b be (3 - 1)/(4/8). Let a = 3 + b. Let j(r) = -r**3 + 8*r**2 - 2*r - 3. Let f be j(a). Calculate the greatest common divisor of 8 and f.
8
Let j be 2/((-69)/63 + 1). Let n = j - -45. Suppose -70 = -4*d - 3*r, -3*d = -d - 4*r - n. What is the greatest common divisor of 4 and d?
4
Suppose 0 = -5*h + 32 - 7, -h + 89 = 3*g. Calculate the highest common factor of g and 210.
14
Let z(r) = -r**2 + 12*r + 1. Let b be z(14). Let x = 42 + b. Calculate the highest common factor of x and 120.
15
Suppose 2*j - 190 = 190. Suppose -4*f + 2*k - j = -458, 2*f = -4*k + 144. Calculate the greatest common divisor of 17 and f.
17
Let n = 214 + -210. What is the greatest common factor of n and 4?
4
Let u = 2030 + -2018. Calculate the greatest common divisor of u and 42.
6
Let r(m) = m**3 - 2*m**2 - 3*m + 17. Let o be r(5). Let g = -59 + o. Calculate the highest common divisor of 72 and g.
18
Let b(k) = 548*k**2 - 2*k - 12. Let r be b(-2). What is the highest common factor of r and 52?
52
Suppose -4*b + 23 = 7. Suppose 2*v = -2 - b, -124 = -5*h - 2*v. Calculate the highest common factor of h and 13.
13
Suppose 2*j - w - 707 = -0*w, -2*w + 1754 = 5*j. Calculate the greatest common divisor of 24 and j.
8
Let v = 603 + -421. Suppose -v = -5*i + 83. Suppose 3*q = 3*c + 9, 21 = -4*q - c + i. What is the greatest common divisor of q and 35?
7
Let o be (-138)/(-15) - 3/15. Suppose o = -m + 37. What is the highest common factor of m and 7?
7
Let f(p) = -18*p - 1282. Let k be f(-72). Let l be -1*(-1 + 0) + 1. Calculate the highest common factor of k and l.
2
Let k be 92/138 - 1579/(-3). What is the highest common factor of 217 and k?
31
Let l(z) = -z**3 + 2*z**2 + 44*z - 5. Let b be l(6). Calculate the greatest common divisor of b and 3335.
115
Let o be 5/(125/(-10)) - 422/(-5). What is the greatest common divisor of 28 and o?
28
Let l = 165 + -22. What is the greatest common divisor of 39 and l?
13
Let r = 1954 - 1154. What is the highest common factor of r and 32?
32
Let u = -696 + 1279. Calculate the highest common divisor of 53 and u.
53
Let m(q) = -q**3 - 13*q**2 - 3*q + 6. Let f be m(-13). Calculate the highest common divisor of 135 and f.
45
Suppose -2*k = 3*h + h - 2, -4*h - 4 = 4*k. Let m be ((-12)/(-15))/(k/(-30)). Calculate the greatest common factor of 16 and m.
8
Suppose 0 = -45*x - 64*x + 8829. What is the greatest common factor of 21 and x?
3
Let g be (-1)/1 - (6 - 7). Suppose -2 + g = -2*r, -3*o + 2*r = 2. Let z be (o - (0 - 2))*28. Calculate the greatest common divisor of z and 14.
14
Let d be (-62)/4 + 2/4. Let t(o) = -9*o - 4. Let p be t(3). Let s = d - p. What is the greatest common divisor of s and 2?
2
Suppose 5*p - h - 203 = 0, 2*p + 2*h = 47 + 27. Suppose 25*w - 26*w + p = 0. Calculate the highest common factor of 140 and w.
20
Let r(u) = 9*u. Suppose -2*p - 3 = -9. Let o be r(p). Suppose o + 9 = b. Calculate the highest common factor of b and 54.
18
Suppose 7*o + 4*o - 1540 = 0. Calculate the greatest common divisor of 84 and o.
28
Let z(o) = -o**3 - 14*o**2 + 15*o + 5. Let r be z(-15). Suppose 3*k - 2*h = 153, -4*k + r*k + 2*h = 43. Calculate the greatest common factor of k and 7.
7
Let y = 487 - 437. What is the greatest common divisor of 1675 and y?
25
Let c(q) = 2*q**2 - 8*q + 6. Let y be c(8). What is the highest common divisor of y and 28?
14
Let n(k) = -k**2 - 5*k + 18. Let r be n(0). What is the greatest common divisor of r and 27?
9
Suppose -25*o + 5616 = -10959. What is the greatest common divisor of 51 and o?
51
Suppose 41265 = 36*z + 11133. What is the highest common divisor of z and 27?
27
Let g(o) = -54*o + 4. Let p be g(0). Calculate the greatest common divisor of p and 15.
1
Let g be -12 - (9 + -17) - -32. What is the greatest common divisor of g and 2268?
28
Let n(z) = -z**3 - z**2 + 28*z + 16. Let q be n(5). Calculate the highest common factor of q and 438.
6
Let y(f) = f**3 - 12*f**2 + 14*f - 3. Let i be y(11). Suppose 0 = 3*v + 2*v - i. Suppose -5*j - 14 = -v*j. What is the highest common factor of 56 and j?
14
Let q be (-1 - 3)/4 + 3. Suppose 5*o = q*o + 3885. Suppose o = 3*c + 458. Calculate the greatest common divisor of c and 31.
31
Let t(q) = -67*q**3 - q**2 + 2*q - 2. Let w be t(1). Suppose 0 = -2*d + 4*d + 212. Let h = w - d. What is the highest common factor of h and 95?
19
Let g(d) = d + 2*d**2 - 2*d + 2 + d**2. Let x be (64/80)/((-4)/(-20)). Let l be g(x). What is the highest common factor of l and 23?
23
Let w = 679 + -649. Suppose -300 = -i - 3*i. What is the greatest common factor of i and w?
15
Suppose 0 = b + 2*t - 38 + 8, b - 16 = 5*t. Suppose -4*f = -2*s - 162, 0*s = -3*f + 5*s + 132. What is the greatest common factor of f and b?
13
Let j(t) = t. Let f(u) = -11. Let o(v) = f(v) - j(v). Let r be o(-8). Let k be (-1028)/(-20) - r/5. What is the highest common divisor of 130 and k?
26
Suppose 2*j = -5*g + 3, 0 = 2*g + 3*g + 5*j. Let p be g*(-5)/(-15)*57. Calculate the highest common factor of 57 and p.
19
Suppose -3*m + 68 = -12*n + 16*n, -m = 3*n - 51. What is the greatest common factor of 731 and n?
17
Suppose 2*v - 99 = -r, 2*v = 5*r + 116 + 1. Suppose -6*a + 4*a - 59 = -3*z, -a - 4 = 0. What is the highest common divisor of v and z?
17
Let o be (-3321)/(-63) - (-2)/7. Suppose -3*n - 2 = -o. Calculate the highest common divisor of 153 and n.
17
Let o = 4931 - 4924. Suppose 219 = 4*n + 23. What is the highest common factor of n and o?
7
Let p = 19 - -14. Let a be p/2 - (12/8 - 0). Calculate the highest common factor of a and 120.
15
Let d be -2 - ((-31 - 4) + 3). Suppose -333 = -3*y + d. Suppose 4*w - 33 = w. Calculate the highest common divisor of y and w.
11
Let a(w) = 4*w**2 - w + 2. Let r be a(2). Let q(u) = u**3 + 33*u**2 - 36*u - 36. Let o be q(-34). Calculate the highest common factor of r and o.
16
Suppose n - 5 = -1. Let y(z) = 5 - 16 - z + 5 + 13. Let w be y(n). Calculate the highest common factor of 33 and w.
3
Suppose 29 + 181 = 2*r. Let s be (-2 - 14/(-8)) + 338/8. What is the highest common factor of s and r?
21
Let q(m) = -30*m + 15. Let v be q(-1). What is the highest common divisor of v and 35?
5
Suppose -16 + 44 = q. What is the greatest common factor of q and 994?
14
Let h = 27 + -15. Suppose 1584 = -363*f + 375*f. Calculate the highest common divisor of h and f.
12
Let g(b) = 33*b + 1. Let o be g(6). Suppose -3*r = a - 54, 4*r - 38 = -5*a + o. Calculate the highest common factor of a and 9.
9
S